{"id":73,"date":"2025-07-12T12:25:43","date_gmt":"2025-07-12T10:25:43","guid":{"rendered":"https:\/\/kulturverein-dirmingen.de\/?page_id=73"},"modified":"2025-07-13T13:56:56","modified_gmt":"2025-07-13T11:56:56","slug":"unsere-veranstaltung","status":"publish","type":"page","link":"https:\/\/kulturverein-dirmingen.de\/?page_id=73","title":{"rendered":"Unsere Aktionen"},"content":{"rendered":"\n<p class=\"has-medium-font-size\"><strong>Der Kulturverein Dirmingen wurde im Jahre 2000 gegr\u00fcndet. Der Augenmerk des Vereins liegt in der Aufwertung der Dirminger Vereins-und Kulturlandschaft. Der Verein hat es sich zur Aufgabe gemacht das Image des Dorfes aufzupolieren.<\/strong><\/p>\n\n\n\n<p class=\"has-medium-font-size\">Die Kulturaner veranstalten im Laufe eines Jahres zahlreiche Veranstaltungen:<\/p>\n\n\n\n<p class=\"has-medium-font-size\">Dazu geh\u00f6ren: \u201eDerminga Folxfeschd\u201c, \u201eDerminga Waldfeschd\u201c,&#8220;Derminga Herbschdfeschd&#8220; \u201c Fr\u00fchling auf Finkenrech\u201c, \u201eHerbst auf Finkenrech\u201c, \u201eWanderwegefest IlltalerLand\u201c, \u201eMittelalterlicher Weihnachtsmarkt\u201c, &#8222;Park-und Strandfest&#8220; und die traditionelle Weihnachtsbaumaktion in der Ortsmitte. Au\u00dferdem ist der Kulturverein verantwortlich f\u00fcr die Durchf\u00fchrung der \u201eDerminga Kerb\u201c und einigen interessanten Kleinkunstveranstaltungen wie z.b \u201eIrischer Abend\u201c, Lesungen und Konzerte.<\/p>\n\n\n\n<p class=\"has-medium-font-size\"><strong>Der Kulturverein Dirmingen dient als Dachorganisation der verschiedenen Ortsvereine und ist besonders der Pflege und Aufwertung der eigenen Dorfkultur verpflichtet. <\/strong><\/p>\n\n\n\n<div data-wp-interactive=\"core\/file\" class=\"wp-block-file\"><object data-wp-bind--hidden=\"!state.hasPdfPreview\" hidden class=\"wp-block-file__embed\" data=\"https:\/\/kulturverein-dirmingen.de\/wp-content\/uploads\/2025\/07\/Kulturverein-Anmeldeformular.pdf\" type=\"application\/pdf\" style=\"width:100%;height:600px\" aria-label=\"Einbettung von Kulturverein Anmeldeformular.\"><\/object><a id=\"wp-block-file--media-eaf4f3e4-af44-4867-93ef-b42716789366\" href=\"https:\/\/kulturverein-dirmingen.de\/wp-content\/uploads\/2025\/07\/Kulturverein-Anmeldeformular.pdf\">Kulturverein Anmeldeformular<\/a><a href=\"https:\/\/kulturverein-dirmingen.de\/wp-content\/uploads\/2025\/07\/Kulturverein-Anmeldeformular.pdf\" class=\"wp-block-file__button wp-element-button\" download aria-describedby=\"wp-block-file--media-eaf4f3e4-af44-4867-93ef-b42716789366\">Herunterladen<\/a><\/div>\n","protected":false},"excerpt":{"rendered":"<p>Der Kulturverein Dirmingen wurde im Jahre 2000 gegr\u00fcndet. Der Augenmerk des Vereins liegt in der Aufwertung der Dirminger Vereins-und Kulturlandschaft. Der Verein hat es sich zur Aufgabe gemacht das Image des Dorfes aufzupolieren. Die Kulturaner veranstalten im Laufe eines Jahres&#8230; <a href=\"https:\/\/kulturverein-dirmingen.de\/?page_id=73\" class=\"readmore\">Weiterlesen<span class=\"screen-reader-text\">Unsere Aktionen<\/span><span class=\"fa fa-angle-double-right\" aria-hidden=\"true\"><\/span><\/a><\/p>\n","protected":false},"author":3,"featured_media":0,"parent":0,"menu_order":0,"comment_status":"closed","ping_status":"closed","template":"","meta":{"footnotes":""},"class_list":["post-73","page","type-page","status-publish","hentry"],"_links":{"self":[{"href":"https:\/\/kulturverein-dirmingen.de\/index.php?rest_route=\/wp\/v2\/pages\/73","targetHints":{"allow":["GET"]}}],"collection":[{"href":"https:\/\/kulturverein-dirmingen.de\/index.php?rest_route=\/wp\/v2\/pages"}],"about":[{"href":"https:\/\/kulturverein-dirmingen.de\/index.php?rest_route=\/wp\/v2\/types\/page"}],"author":[{"embeddable":true,"href":"https:\/\/kulturverein-dirmingen.de\/index.php?rest_route=\/wp\/v2\/users\/3"}],"replies":[{"embeddable":true,"href":"https:\/\/kulturverein-dirmingen.de\/index.php?rest_route=%2Fwp%2Fv2%2Fcomments&post=73"}],"version-history":[{"count":8,"href":"https:\/\/kulturverein-dirmingen.de\/index.php?rest_route=\/wp\/v2\/pages\/73\/revisions"}],"predecessor-version":[{"id":240,"href":"https:\/\/kulturverein-dirmingen.de\/index.php?rest_route=\/wp\/v2\/pages\/73\/revisions\/240"}],"wp:attachment":[{"href":"https:\/\/kulturverein-dirmingen.de\/index.php?rest_route=%2Fwp%2Fv2%2Fmedia&parent=73"}],"curies":[{"name":"wp","href":"https:\/\/api.w.org\/{rel}","templated":true}]}}

<p class="has-medium-font-size"><strong>Der Kulturverein Dirmingen wurde im Jahre 2000 gegründet. Der Augenmerk des Vereins liegt in der Aufwertung der Dirminger Vereins-und Kulturlandschaft. Der Verein hat es sich zur Aufgabe gemacht das Image des Dorfes aufzupolieren.</strong></p>



<p class="has-medium-font-size">Die Kulturaner veranstalten im Laufe eines Jahres zahlreiche Veranstaltungen:</p>



<p class="has-medium-font-size">Dazu gehören: „Derminga Folxfeschd“, „Derminga Waldfeschd“,&#8220;Derminga Herbschdfeschd&#8220; “ Frühling auf Finkenrech“, „Herbst auf Finkenrech“, „Wanderwegefest IlltalerLand“, „Mittelalterlicher Weihnachtsmarkt“, &#8222;Park-und Strandfest&#8220; und die traditionelle Weihnachtsbaumaktion in der Ortsmitte. Außerdem ist der Kulturverein verantwortlich für die Durchführung der „Derminga Kerb“ und einigen interessanten Kleinkunstveranstaltungen wie z.b „Irischer Abend“, Lesungen und Konzerte.</p>



<p class="has-medium-font-size"><strong>Der Kulturverein Dirmingen dient als Dachorganisation der verschiedenen Ortsvereine und ist besonders der Pflege und Aufwertung der eigenen Dorfkultur verpflichtet. </strong></p>



<div data-wp-interactive="core/file" class="wp-block-file"><object data-wp-bind--hidden="!state.hasPdfPreview" hidden class="wp-block-file__embed" data="https://kulturverein-dirmingen.de/wp-content/uploads/2025/07/Kulturverein-Anmeldeformular.pdf" type="application/pdf" style="width:100%;height:600px" aria-label="Einbettung von Kulturverein Anmeldeformular."></object><a id="wp-block-file--media-eaf4f3e4-af44-4867-93ef-b42716789366" href="https://kulturverein-dirmingen.de/wp-content/uploads/2025/07/Kulturverein-Anmeldeformular.pdf">Kulturverein Anmeldeformular</a><a href="https://kulturverein-dirmingen.de/wp-content/uploads/2025/07/Kulturverein-Anmeldeformular.pdf" class="wp-block-file__button wp-element-button" download aria-describedby="wp-block-file--media-eaf4f3e4-af44-4867-93ef-b42716789366">Herunterladen</a></div>

<p>Der Kulturverein Dirmingen wurde im Jahre 2000 gegründet. Der Augenmerk des Vereins liegt in der Aufwertung der Dirminger Vereins-und Kulturlandschaft. Der Verein hat es sich zur Aufgabe gemacht das Image des Dorfes aufzupolieren. Die Kulturaner veranstalten im Laufe eines Jahres&#8230; <a href="https://kulturverein-dirmingen.de/?page_id=73" class="readmore">Weiterlesen<span class="screen-reader-text">Unsere Aktionen</span><span class="fa fa-angle-double-right" aria-hidden="true"></span></a></p>
